t of q/(-8)*(-16)/c?
8
Let w(c) = 5*c - 15. Let a be w(5). Let x(r) = r - 6. Let h be x(a). Suppose 0 = -4*z - 3*m + 438, -66 + 290 = 2*z + h*m. What is the units digit of z?
8
Let k = -102 + 176. Suppose p = k + 71. Let t = p - 35. What is the units digit of t?
0
What is the tens digit of 5*1 + (-107 - -100) - (-22697 + 4)?
9
Suppose -4*p - 5*j = -43911, 22*p - 23*p + 2*j = -10968. Suppose p = -6*q + 37*q. What is the units digit of q?
4
Let w(x) = 3*x + 9. Let l be w(-2). Suppose -1490 = -4*z - q + l*q, 5*q = -5*z + 1855. What is the units digit of z?
2
Suppose 73450 = 10*y + 15590. What is the tens digit of y?
8
Let y(u) = 10*u**2 - 1397*u - 682. What is the thousands digit of y(173)?
6
Let l(c) = 144*c + 7. Suppose 0 = 2*v - 2*x + 2, 4*v + 2*x = 8 + 6. What is the hundreds digit of l(v)?
2
Let r(m) = 170 + 6*m**2 - 32*m - 3*m**2 - 2*m**2 - 55. What is the units digit of r(35)?
0
Suppose -3*q = -107 + 38. Suppose -21*n - 758 = -q*n. What is the units digit of n?
9
Let r(b) = b**2 + 28*b + 16. Let h be r(-29). What is the tens digit of (-1 - h/(-2))/(2/24)?
5
What is the tens digit of (-61643)/(-3)*5*(9 - (-168)/(-20))?
4
Let f be (-4)/(-10)*(17 - 2). Let g(t) = -6*t**2 + 6*t + 1. Let p be g(f). Let q = p - -268. What is the tens digit of q?
8
Let a(x) = -x**3 - 7*x**2 + 9*x - 7. Let h be a(-6). Let y = 209 + h. What is the tens digit of y?
1
Suppose 488 - 2463 = -5*v. Suppose 4*i = u + i + v, -405 = u - 5*i. Let y = u - -545. What is the hundreds digit of y?
1
Let z(m) = 288*m - 1772. What is the tens digit of z(20)?
8
What is the thousands digit of (-76011)/(-156)*(-4)/(-1)?
1
Let l(y) = -40 + 74 + 13*y**2 + 28 - 49*y + 15*y. What is the units digit of l(10)?
2
Let n = 45 - 27. Let o be (n/24)/((-4)/80). What is the units digit of -4 + 5/(o/(-78))?
2
Let d = 23 - 21. Suppose -d*j - 8 = 2*j, -5*g + j = -882. What is the tens digit of g?
7
Suppose 4*k = p + 2 + 4, -4*p - 2 = -5*k. Let x be k + 0 - 5 - (5 - 10). Suppose -y - q + 4*q = -208, x*y - 381 = -q. What is the tens digit of y?
9
Let h be -3 - (5/(-1) - 118). Let i = h - 24. Let g = 190 - i. What is the units digit of g?
4
Suppose -5*u + 31250 = -w + 7198, -3*w + 24084 = 5*u. What is the tens digit of u?
1
Suppose 25*x = 6*x - 228. What is the tens digit of (4 - 80/x) + 2/(-3)?
1
Suppose -176631 = 143*l - 164*l. What is the thousands digit of l?
8
Let y be (-2)/((-4)/(-6)*(-6)/8). What is the hundreds digit of ((-98)/y)/(9/702*-3)?
6
Suppose 4*u + i - 10 = 0, -4*u = -5*u + 3*i - 4. Let q be 48/(-32)*u/(-1). Suppose 4*b - 217 = -k, 3*k - q*b - 576 = -0*k. What is the hundreds digit of k?
1
Suppose -2*s = -w + 2, 3*w - 8 = 4*s - 0*s. Suppose -4*q + 5*q + 2*z - 274 = 0, -1156 = -4*q + w*z. What is the tens digit of q?
8
Let z be -2 - (3 - -4)*-1*-3. Let t = z + 25. Suppose 3*o - 8*o = -t*x + 268, -4*o - 512 = -4*x. What is the units digit of x?
4
What is the units digit of -1 - -1 - (4*-2505 - -20)?
0
Suppose -155 = -3*h + 85. Let x = -86 + h. What is the tens digit of (25/(-15) - -1) + (-904)/x?
5
Suppose -3*l + 15 = -30. Let f(g) = 2*g**3 + 10*g**2 - 4*g + 2. Let i be f(-5). Let p = l + i. What is the tens digit of p?
3
Let u = 24971 + 10698. What is the units digit of u?
9
What is the tens digit of (-110)/(-440) + 96918/8?
1
Suppose -21*z = -50*z - 464. What is the hundreds digit of 898/1 - z/(-13 - -5)?
8
Suppose 2*o + 2*f - 4 = 5*f, 14 = 2*o + 2*f. Suppose o*q + q = 1248. What is the hundreds digit of q?
2
Let h = 4 - 0. Let x(w) be the third derivative of w**6/60 - 7*w**5/60 + w**4/6 + w**3/3 - 36*w**2. What is the units digit of x(h)?
4
What is the units digit of (-7155)/(-225)*9170/21?
6
Suppose -2*d - m = -41183, 142*d - 3*m = 144*d - 41185. What is the units digit of d?
1
Suppose 143*o + 80*o - 17402805 = -324*o. What is the hundreds digit of o?
8
Let a(x) = 75*x - 92. Let m be a(34). Suppose -7*u + m = -503. What is the hundreds digit of u?
4
Let m(s) = 245*s**2 - s + 5. Let i(q) = -245*q**2 + q - 6. Let z(a) = 5*i(a) + 6*m(a). What is the tens digit of z(1)?
4
Let f = 28 + -34. Let a(v) = -2*v**3 + 6*v**2 + 10*v + 5. What is the units digit of a(f)?
3
Let v(i) = -57*i + 63. Let w(u) = 8*u - 9. Let k(z) = 2*v(z) + 15*w(z). Let x be k(12). Suppose x*f = 61*f + 20. What is the tens digit of f?
1
Suppose -261*w = -412*w + 259*w - 3945132. What is the ten thousands digit of w?
3
Suppose 0 = -4*p + 4*b + 24, -4*b = 4*p + 2 - 10. Suppose -5*d - u + 4932 = -5*u, -p*d = 5*u - 3962. What is the tens digit of d?
8
Let a be -1 - -346*2/4. Suppose 2*k - 3 - 11 = -4*t, -t + k + 2 = 0. Suppose t*j + 83 = 2*x - 2*j, 4*x - 4*j = a. What is the units digit of x?
4
Let m(j) = 155*j - 38. Let g(f) = 5580*f - 1364. Let s(a) = 6*g(a) - 217*m(a). What is the thousands digit of s(-10)?
1
Let s(j) = -3*j**2 - 14*j - 7. Let o be s(-3). Suppose 4*c - 2*r - 7476 = 0, -4*r = 8 + o. What is the tens digit of c?
6
Suppose -496*s + 475*s = -410445. What is the tens digit of s?
4
Suppose 13*y = -59*y + 637226 + 4125574. What is the ten thousands digit of y?
6
Let l(h) = 399*h**2 - 28*h - 151. What is the tens digit of l(-5)?
6
Suppose -3*x - 14259 = -2*m, -2*x - 9517 = -5*m + 26158. What is the thousands digit of m?
7
Suppose -20*o = -34*o - 81071 + 300647. What is the units digit of o?
4
Let n(k) = 30*k**2 - 4*k - 45. What is the thousands digit of n(9)?
2
Let j(c) = 2*c - 8. Let i be j(6). Let o(g) = g**2 - 18*g + 69. Let k be o(13). Suppose 65 + 32 = d - n, k*n = -i. What is the units digit of d?
6
What is the thousands digit of (-550522)/(-42) + ((-6)/(-18) - 0)?
3
Suppose -r = 4*n - 44, -5*n + 5*r = 1 - 31. Suppose s = -5*f - 96 + 18, -5*f - 66 = -3*s. What is the units digit of ((-48)/n)/(f/75)?
4
Suppose -4*b + 3*b + 9295 = 2*r, -2*r - 2*b + 9290 = 0. What is the units digit of r?
0
Let z(k) = -30*k**2 - 6 + 37*k + 29*k**2 - 1. What is the units digit of z(17)?
3
What is the tens digit of 67052 + 7/((-3)/(0 - -3))?
4
Suppose -2*d + 0*d - 4*i + 26 = 0, -i + 3 = 0. Let f be -1 + (-4)/1 + d. Suppose 0 = f*l + 2*l - 400. What is the hundreds digit of l?
1
Suppose -2*b + b = 34. Let v = b + 34. Suppose -4*p = 0, v = s + s - p - 16. What is the units digit of s?
8
Suppose -43*p + 466041 = 42*p - 26*p. What is the thousands digit of p?
7
Suppose 5*n - 275*v = -280*v + 138455, 2*n - v = 55361. What is the units digit of n?
4
Let f(p) = 39*p**2 + 4. Suppose -2*h - 14 = -h + 3*u, 0 = -h - 4*u - 18. What is the tens digit of f(h)?
6
Let p(z) = 3*z**2 + 40*z + 24. Let i be p(-23). Let l = i - 132. What is the units digit of l?
9
Let b(r) = -12*r - 47. Let n(g) = 26*g + 93. Let y(s) = -5*b(s) - 2*n(s). What is the units digit of y(32)?
5
What is the tens digit of (-6)/48 + 1 + 1504970/80?
1
Let d(c) = -c**3 - 19*c**2 - 24*c - 25. Suppose 2*a + 2 = 2*l - 0, 31 = 5*a + 4*l. Suppose -t - 24 = 3*x, -t + a*t = -x - 38. What is the tens digit of d(t)?
8
Let w(k) be the third derivative of k**5/12 - k**4/2 + k**3 + 17*k**2. What is the tens digit of w(-5)?
9
Let i be (29/3)/((32/(-348))/(-8)). Let w be 2/(-2) + i*(0 + 1). What is the tens digit of (-4)/(-6) - w/(-36)?
2
Let v(j) = -2*j**2 - 22*j - 5. Let w be v(-11). Let h(m) = 8*m + 71. What is the tens digit of h(w)?
3
Let l(j) = -120*j - 8. Let n be l(-6). Suppose 25*z - 33*z + n = 0. Let v = z + -48. What is the units digit of v?
1
Let i(n) = 2*n**3 - 28*n**2 - 37*n + 14. Let w be i(15). Suppose 0 = 4*o - 9*o - 20, 3*t = -3*o + 669. Let h = w + t. What is the units digit of h?
6
Let c be (-2)/10*-1 + 5746/170. Suppose 4*n = -2*k + 3006, -2*k - 32 + c = 0. What is the tens digit of n?
5
Let p = -6352 + 15794. What is the units digit of p?
2
Let z(p) = -p**3 - 16*p**2 + p + 14. Let u be z(-16). What is the units digit of 996/8 + u/4?
4
Let m = 2349 - -3774. What is the units digit of m?
3
Suppose 1637 = 13*d - 859. Let o = d + 198. Let g = o - 275. What is the tens digit of g?
1
Suppose 4*w - 3*o = 15, 2*w = -o + 3 + 2. Let m(v) = -v + 5. Let t be m(w). Suppose t*i + 145 = 5*i - s, -i = s - 55. What is the units digit of i?
0
Suppose -2*g + 9 = 1. Suppose g*x - 2*x = -2*b - 208, -2*b = 4*x + 198. Let n = -65 - b. What is the tens digit of n?
4
Suppose 174*o + 1991806 = 6457690. What is the units digit of o?
6
Suppose -2*g - 4*c + 8 = -0*c, -2*c = -3*g + 36. What is